k - 1122. Let f be (-1 + 2 - 2)/(-1). Let t be 879/5 + f/5. Calculate the greatest common divisor of t and k.
22
Let p = -105 + 114. Let b(x) = 2*x**2 + 5*x - 12. Let n be b(-6). Suppose 5*q - 15 = n. What is the greatest common factor of q and p?
9
Let s be (72/(-27))/(2 + (-24)/9). Suppose s*d = 16*d - 10788. Calculate the greatest common divisor of 29 and d.
29
Let v = -167 - -175. Suppose 4*p = 5*m + 118, 0 = -4*m + v. Calculate the highest common factor of p and 24.
8
Let o(v) = -1396*v + 5600. Let h be o(4). What is the greatest common divisor of 1188 and h?
4
Let u be -1 + (-1 + 5)*(-18)/(-24). Let n be (-3)/(-6)*u*302. Suppose 9*c - n = 364. Calculate the highest common factor of c and 111.
37
Suppose 54*r = 55*r - 3. Suppose 0 = -y + 5*w + 101, -2*y = -r*w - 0*w - 223. What is the highest common factor of y and 406?
58
Let p(l) = -l - 73. Let u be p(-19). Let v be u/(-21) + (-1)/21*-9. Calculate the highest common divisor of v and 96.
3
Let p = 70 + -62. Suppose p*w - 13*w - 5*h = -70, 0 = h. Calculate the greatest common divisor of w and 49.
7
Suppose 4*c - 9*c - 3*s + 608 = 0, -4*c = -3*s - 481. Let f be 5 - 7 - 13/(-1). What is the highest common divisor of c and f?
11
Let o(g) = 4*g - 44. Let v be o(35). Let q = 6 + -4. Suppose -12 = -i - q*i. What is the greatest common factor of v and i?
4
Let a be -8 - (4/2 - 172 - -7). What is the highest common divisor of 2015 and a?
155
Let n be (-2548)/(-130) + (-2)/(-5). Let o be (-3 - 3) + n - 2. Let w = 27 + -15. What is the greatest common divisor of o and w?
12
Let q = 127 - 66. Let h = 326 + -385. Let f = q + h. What is the greatest common factor of 2 and f?
2
Let u = -467 + 465. Let k(y) be the third derivative of -11*y**4/24 + y**3/3 + 2*y**2. Let x be k(u). What is the highest common divisor of 3 and x?
3
Let o be 2 + 5 + 2 + -451. Let s = 482 + o. Calculate the highest common divisor of s and 32.
8
Let t be 104/13 + -1 + 4*1. Let i be (-15 + 11)*(-2 - t). What is the highest common divisor of i and 468?
52
Let l = -1452 - -2199. Calculate the highest common factor of 153 and l.
9
Let b(p) = -25*p**3 + p**2 + p. Let w be b(-1). Let u be 39550/2260 - 3260/(-8). What is the highest common factor of w and u?
25
Suppose -1025*o + 4968 = -1002*o. Calculate the greatest common factor of 1368 and o.
72
Let n(d) = 3*d**2 + 4*d - 1. Let i be n(-3). Let x be 654/10 - 10*(-9)/(-225). Suppose 62*w = x*w - 21. Calculate the highest common factor of i and w.
7
Suppose -l + 45*x = 41*x + 11, -4*l = -4*x - 16. Suppose 2*h + l = 5*h - 4*q, 5*h - 50 = -5*q. What is the highest common factor of h and 5?
1
Let r = -1736 + 1921. What is the greatest common factor of 2627 and r?
37
Let m = -674 + 679. Suppose -3*f - 3*b + 302 = f, -m*f + 5*b + 395 = 0. What is the greatest common factor of f and 11?
11
Suppose t + 15 = 4*t. Suppose 3*a + 7 = -t*z + 41, 12 = 3*z - a. Suppose 167*k = 3654 + 3861. Calculate the greatest common factor of k and z.
5
Let g = 29 + -5. Let x = 2005 - 1933. What is the highest common factor of g and x?
24
Let l(f) = 12*f - 44. Let y be l(5). Suppose -p = 2*p - s - 290, p - 2*s - 90 = 0. Suppose 100*c = p*c + y. What is the greatest common factor of 56 and c?
8
Let r = -33871 - -33872. Let w(g) = -8*g + 1. Let a be w(2). Let u = a - -28. What is the greatest common factor of u and r?
1
Suppose -8*f + 13*f - 6897 = -12*r, 5*r = 2*f + 2886. What is the highest common factor of r and 45?
9
Suppose 0 = -d - 3*d + 12. Let z be ((-6)/4)/((9/6)/(-3)). Suppose -z*l = -3, -l - l - 64 = -d*a. What is the greatest common divisor of 154 and a?
22
Let c = -4105 + 4313. Calculate the highest common factor of 144 and c.
16
Suppose 15*y - 2219 = 526. Suppose 0 = 8*x - 1353 - y. Suppose 5*p + 39 = v, 33 = -0*v + v - 3*p. Calculate the greatest common divisor of x and v.
24
Let m(c) = -c**2 - 4*c + 1. Let f be m(-2). Let h = f - -5. Suppose -7*l + 94 = h. Calculate the highest common divisor of l and 156.
12
Let k be (18/5)/((-15)/(-50)). Suppose -73 = -k*o + 71. What is the greatest common factor of 8 and o?
4
Let k = 62 - 112. Let f = k + 57. Calculate the highest common factor of f and 35.
7
Suppose h = -2*p + 282, -4*h + 4*p + 1014 = -78. Let f(u) = -u**2 - 10*u - 1. Let y be f(-5). What is the greatest common divisor of y and h?
12
Suppose l - t - 124 = 0, 0 = -4*l - 3*t + 792 - 268. What is the greatest common divisor of 712 and l?
8
Suppose 0 = 4*w - q - 18214 + 3234, q + 7492 = 2*w. Suppose -j - w = -17*j. Calculate the greatest common divisor of j and 78.
78
Suppose -3*b = 5*p - 721, -3*b - 2*p + 729 = -5*p. Calculate the highest common divisor of 308 and b.
22
Suppose -5*h = -3*t - 6251, h + 7*t + 1295 = 2*h. What is the greatest common divisor of h and 14?
14
Let s(p) = -2*p**3 - 20*p**2 + 15*p + 7. Let o be s(-11). Let z = -23 + 71. Calculate the greatest common factor of o and z.
12
Let j be 18324/252 + 4/14. Suppose j*y - 216 = 65*y. What is the greatest common divisor of 243 and y?
27
Let t(z) = 126*z + 328. Let a be t(2). Calculate the greatest common factor of 58 and a.
58
Let c be 3 - (-11 + (-1 - 2)). Let a be -2 + 5/((-25)/(-2915)) - -3. Suppose -5*v + 266 = -a. Calculate the greatest common divisor of v and c.
17
Let r be (-4539)/(-459) + (-2)/(-18) - -65. What is the highest common factor of r and 540?
15
Let l be (24/21)/(9/7 + -1). Let s be (198/l)/(12/16). Let n = 70 - s. Calculate the greatest common factor of n and 36.
4
Let g = 20609 + -18008. What is the greatest common divisor of g and 4624?
289
Let j = 167 + -167. Suppose -4*a - 11 + 51 = j. What is the highest common factor of a and 250?
10
Suppose -69*q + 22*q + 154254 = 0. What is the greatest common divisor of 6 and q?
6
Suppose 28*d + 2*s = 27*d + 149, 15 = 5*s. Calculate the highest common factor of d and 403.
13
Let a(g) = -48*g**2 - 335*g + 27. Let v be a(-7). Calculate the highest common factor of v and 112.
4
Suppose -8 = 4*i, 4*m - 906 = 4*i + 90. Calculate the highest common divisor of 39 and m.
13
Suppose b - 749 = -2*v + 2476, -5*b - 8*v = -16127. What is the highest common factor of 21 and b?
7
Let c = -11574 - -11613. What is the highest common factor of 16393 and c?
13
Suppose -5*x + 450 = 3*i, 0 = -2*i - 10. Let j = -14 - -17. Suppose j*u - x = 63. What is the highest common divisor of 130 and u?
26
Let u(a) = -36*a + 798. Let g be u(22). Calculate the greatest common divisor of g and 298.
2
Suppose 0 = -5*r - 2*q + 70, 2*r + 4*q = 6*q + 14. Let k be (-1 + -10 - 3) + -1. Let s = -9 - k. What is the highest common factor of r and s?
6
Let d = -4857 - -4893. Calculate the highest common factor of d and 45.
9
Let q(z) be the second derivative of z**4/3 - 7*z**3/3 + 19*z**2/2 + 115*z - 1. Let f be q(-5). What is the greatest common factor of 216 and f?
27
Let j be 1365/7 + (21 - 26). What is the greatest common divisor of j and 40?
10
Let j(l) = 9*l - 4. Let a(n) = 11*n - 2. Let o be a(1). Suppose 4*k - o*k = -20. Let r be j(k). What is the highest common divisor of 160 and r?
32
Let c(f) = 7*f + 10. Let l be c(1). Let r = l + 198. Calculate the greatest common divisor of r and 43.
43
Let y be 1/((-2)/(-504)*9). Suppose 0 = -y*r + 1694 + 882. What is the greatest common divisor of r and 69?
23
Let w be 2 - -181 - (-5 + (7 - 3)). Let f = 49 + -3. What is the greatest common factor of w and f?
46
Let f(d) = 238*d. Let p be f(1). Let n = p - 78. Let r(q) = -877*q - 14845. Let a be r(-17). What is the greatest common factor of n and a?
32
Let v(t) = t**2 + 12*t + 52. Let y be v(-7). Suppose y*c - 18*c = -21. What is the greatest common factor of c and 84?
21
Suppose s = 43 + 7. Suppose -11*b = -5*p - 8*b + 29, 3*b = -3*p + 3. Suppose y + 1 = 3*l, l - 17 = -p*y + y. Calculate the greatest common factor of s and y.
5
Suppose 0 = 16*p - 25*p + 45. Suppose 5*r = -178 - 72. Let x = r - -70. Calculate the greatest common factor of p and x.
5
Suppose 42*v - 23698 - 8432 = 0. Let b be 1/3 + (-4318)/(-51). What is the highest common divisor of v and b?
85
Let w(j) = -72*j - 21. Let y be w(-7). Let r = -452 + y. What is the greatest common divisor of r and 62?
31
Let b(o) = -243*o - 2569. Let c be b(-19). What is the greatest common divisor of 16 and c?
16
Let w = 14028 + -13591. Calculate the greatest common fa